7658 is divided by 592?
122
What is the remainder when 3801584 is divided by 3801578?
6
Calculate the remainder when 228838 is divided by 579.
133
Calculate the remainder when 328693 is divided by 21415.
7468
What is the remainder when 5069772 is divided by 2902?
2880
What is the remainder when 1830199 is divided by 405?
4
What is the remainder when 8175225 is divided by 40876?
25
Calculate the remainder when 69812 is divided by 3695.
3302
What is the remainder when 35006 is divided by 686?
20
Calculate the remainder when 1711921 is divided by 190181.
292
What is the remainder when 11623 is divided by 2575?
1323
Calculate the remainder when 45607 is divided by 157.
77
What is the remainder when 186193926 is divided by 2140160?
6
Calculate the remainder when 1028641608 is divided by 17.
15
What is the remainder when 3368004 is divided by 96?
36
What is the remainder when 22746781 is divided by 2527420?
1
Calculate the remainder when 213607 is divided by 26512.
1511
Calculate the remainder when 609041 is divided by 152233.
109
Calculate the remainder when 159477 is divided by 76655.
6167
What is the remainder when 11420068 is divided by 202?
200
What is the remainder when 10489241 is divided by 1892?
1885
Calculate the remainder when 36519 is divided by 6044.
255
What is the remainder when 832589 is divided by 4580?
3609
Calculate the remainder when 79034 is divided by 1821.
731
What is the remainder when 431374075 is divided by 768?
763
Calculate the remainder when 30567 is divided by 7488.
615
Calculate the remainder when 7897990 is divided by 1316331.
4
Calculate the remainder when 25644 is divided by 25034.
610
What is the remainder when 50215432 is divided by 25107714?
4
What is the remainder when 2919792 is divided by 947?
191
What is the remainder when 576449 is divided by 2089?
1974
Calculate the remainder when 274391 is divided by 787.
515
What is the remainder when 3238476 is divided by 1079438?
162
What is the remainder when 746330993 is divided by 2286?
2285
Calculate the remainder when 7647419 is divided by 23.
11
Calculate the remainder when 280098 is divided by 27983.
268
What is the remainder when 150279 is divided by 48128?
5895
Calculate the remainder when 3586257 is divided by 66.
15
What is the remainder when 70494393 is divided by 1589?
1586
What is the remainder when 1549903 is divided by 550?
3
Calculate the remainder when 109306127 is divided by 29125.
2
Calculate the remainder when 19263128 is divided by 194577.
5
What is the remainder when 14017386 is divided by 2691?
2658
Calculate the remainder when 9936641 is divided by 2.
1
What is the remainder when 20882 is divided by 3446?
206
Calculate the remainder when 241281 is divided by 1049.
11
Calculate the remainder when 14946501 is divided by 5782.
31
Calculate the remainder when 159105 is divided by 200.
105
Calculate the remainder when 114121 is divided by 22807.
86
What is the remainder when 2857798 is divided by 952599?
1
Calculate the remainder when 208980390 is divided by 3647.
3643
What is the remainder when 8077947 is divided by 4336?
4315
Calculate the remainder when 722607 is divided by 5018.
15
Calculate the remainder when 5233321 is divided by 872216.
25
What is the remainder when 2576063 is divided by 33025?
113
Calculate the remainder when 12526 is divided by 11854.
672
Calculate the remainder when 180776 is divided by 8602.
134
What is the remainder when 273715840 is divided by 136857918?
4
Calculate the remainder when 56312196 is divided by 3857.
3853
Calculate the remainder when 8180159 is divided by 16426.
11
Calculate the remainder when 97519 is divided by 18700.
4019
Calculate the remainder when 43150109 is divided by 387.
383
Calculate the remainder when 271760893 is divided by 133.
131
Calculate the remainder when 212896 is divided by 42464.
576
Calculate the remainder when 23698837 is divided by 55.
52
Calculate the remainder when 10076257 is divided by 71.
8
What is the remainder when 155317 is divided by 77472?
373
Calculate the remainder when 3637870 is divided by 1818935.
0
What is the remainder when 8599784 is divided by 191093?
599
Calculate the remainder when 71341883 is divided by 24.
11
Calculate the remainder when 15307 is divided by 5640.
4027
Calculate the remainder when 11480 is divided by 5473.
534
What is the remainder when 11175692 is divided by 145138?
66
Calculate the remainder when 162436764 is divided by 1535.
1529
What is the remainder when 376941 is divided by 1165?
646
What is the remainder when 9908449 is divided by 25?
24
What is the remainder when 933982 is divided by 266?
56
What is the remainder when 11335301 is divided by 1627?
1619
Calculate the remainder when 35595989 is divided by 18.
17
Calculate the remainder when 32965 is divided by 677.
469
What is the remainder when 103677 is divided by 185?
77
What is the remainder when 10288 is divided by 1643?
430
What is the remainder when 257517 is divided by 2501?
2415
What is the remainder when 123579 is divided by 2193?
771
Calculate the remainder when 3921029 is divided by 508.
285
Calculate the remainder when 9144697 is divided by 1306384.
9
What is the remainder when 493844 is divided by 732?
476
Calculate the remainder when 1208945 is divided by 6830.
35
Calculate the remainder when 31318 is divided by 14794.
1730
Calculate the remainder when 237590 is divided by 675.
665
What is the remainder when 980670 is divided by 163432?
78
Calculate the remainder when 9813 is divided by 1250.
1063
What is the remainder when 8241 is divided by 1963?
389
Calculate the remainder when 209774061 is divided by 2939.
2936
Calculate the remainder when 76943 is divided by 24890.
2273
What is the remainder when 10972 is divided by 1332?
316
What is the remainder when 1180418 is divided by 2018?
1906
Calculate the remainder when 1802452 is divided by 287.
92
Calculate the remainder when 26026270 is divided by 3718036.
18
Calculate the remainder when 1294242 is divided by 109.
85
What is the remainder when 1483009 is divided by 741421?
167
What is the remainder when 18733303 is divided by 180?
163
Calculate the remainder when 1677603 is divided by 12.
3
What is the remainder when 448448 is divided by 12450?
248
What is the remainder when 442663 is divided by 44?
23
What is the remainder when 13583439 is divided by 2771?
2768
What is the remainder when 11098842 is divided by 219?
141
What is the remainder when 986428 is divided by 70458?
16
What is the remainder when 89409432 is divided by 608?
600
Calculate the remainder when 54903335 is divided by 6.
5
What is the remainder when 819207 is divided by 6710?
587
Calculate the remainder when 4342561 is divided by 4557.
4297
What is the remainder when 934639 is divided by 863?
10
What is the remainder when 118152907 is divided by 1114650?
7
Calculate the remainder when 287041701 is divided by 17940106.
5
What is the remainder when 93341 is divided by 46664?
13
Calculate the remainder when 13898820 is divided by 639.
570
Calculate the remainder when 160065 is divided by 40006.
41
What is the remainder when 265456 is divided by 17693?
61
What is the remainder when 30830 is divided by 1741?
1233
What is the remainder when 7865464 is divided by 7865223?
241
Calculate the remainder when 168139 is divided by 269.
14
What is the remainder when 87694 is divided by 21791?
530
Calculate the remainder when 38160525 is divided by 169.
156
Calculate the remainder when 6632790 is divided by 414549.
6
What is the remainder when 14277 is divided by 14098?
179
What is the remainder when 2486042 is divided by 10761?
251
Calculate the remainder when 329263 is divided by 82211.
419
Calculate the remainder when 223948 is divided by 1473.
52
What is the remainder when 5347174 is divided by 337?
332
What is the remainder when 97382621 is divided by 32460868?
17
Calculate the remainder when 116216 is divided by 734.
244
Calculate the remainder when 5206093 is divided by 1735340.
73
What is the remainder when 1060851 is divided by 1091?
399
Calculate the remainder when 93323 is divided by 46605.
113
Calculate the remainder when 61038 is divided by 877.
525
Calculate the remainder when 23437113 is divided by 2130645.
18
What is the remainder when 380392282 is di